25a2 + 4?
-10259b
In base 3, what is 21020200100 + -11?
21020200012
In base 3, what is -2020102 - -2010?
-2011022
In base 16, what is -1 + -b6a4?
-b6a5
In base 13, what is -4 - 5a46?
-5a4a
In base 15, what is -15d - a?
-168
In base 14, what is 36db - c?
36cd
In base 2, what is 1 + -11011101000010100?
-11011101000010011
In base 13, what is -2 - aa464?
-aa466
In base 4, what is -2 + -232323?
-232331
In base 12, what is -b + 3758?
3749
In base 9, what is 1063 - -3003?
4066
In base 14, what is b86b8 + -4?
b86b4
In base 2, what is 101 - -1001100000101010010?
1001100000101010111
In base 4, what is -1032 + 20321020?
20313322
In base 9, what is -5 - -2544?
2538
In base 7, what is -151403 - -4?
-151366
In base 13, what is -137a66 - -8?
-137a5b
In base 7, what is 655 + 5221?
6206
In base 9, what is 56016 + -160?
55746
In base 16, what is c - -158f?
159b
In base 3, what is -20021001221 - -101?
-20021001120
In base 6, what is -54 - -341?
243
In base 15, what is -3 + -4b5c?
-4b60
In base 10, what is -12 - 17289?
-17301
In base 3, what is 220 + 110010001020?
110010002010
In base 2, what is 1010111110101110111 + 0?
1010111110101110111
In base 5, what is 302 - -10332?
11134
In base 3, what is 221122012 - 11?
221122001
In base 13, what is 2aa + -6a?
240
In base 9, what is -4142102 - -2?
-4142100
In base 15, what is 17 - 2728?
-2711
In base 8, what is 3 - 5656?
-5653
In base 11, what is -16 + 1163?
1148
In base 13, what is -c3 + -ca8?
-109b
In base 6, what is -40305145 - 0?
-40305145
In base 7, what is -4 + 110346?
110342
In base 4, what is 1 - 11012211312?
-11012211311
In base 10, what is -33338 - 0?
-33338
In base 8, what is 26 - -5145?
5173
In base 11, what is 2 + 548a6?
548a8
In base 10, what is 107614 - -3?
107617
In base 8, what is -11 - -30353?
30342
In base 11, what is -3 + -18731?
-18734
In base 2, what is 11101000010110 - -10?
11101000011000
In base 5, what is 13 + 11113331?
11113344
In base 8, what is 3 - -20030?
20033
In base 8, what is 20 + 72753?
72773
In base 15, what is 61 + 825?
886
In base 4, what is -20331 - 11311?
-32302
In base 8, what is -331 - 24607?
-25140
In base 13, what is -3b514 - 3?
-3b517
In base 14, what is 1 + 262c4?
262c5
In base 12, what is -898 - 63?
-93b
In base 10, what is 85090 + 5?
85095
In base 16, what is -2ed + 16?
-2d7
In base 6, what is -1533530 + 111?
-1533415
In base 3, what is 110201121021212 + -11?
110201121021201
In base 13, what is b + -11b0?
-11a2
In base 8, what is 767 - 171?
576
In base 9, what is 10337 + 1?
10338
In base 7, what is 2262 + -2266?
-4
In base 3, what is 12210020 - 10112?
12122201
In base 3, what is 1211110 - 22211?
1111122
In base 3, what is 12121 + 2112212?
2202110
In base 4, what is 213220201 - 2?
213220133
In base 10, what is -310 - -815?
505
In base 7, what is 5045 + -10?
5035
In base 9, what is 4214 - 623?
3481
In base 9, what is 1 - -314006?
314007
In base 16, what is -1be1 - 1c?
-1bfd
In base 6, what is 311131 - 52?
311035
In base 16, what is -b05c - 1?
-b05d
In base 8, what is 171326 - -2?
171330
In base 6, what is -142 + 154122?
153540
In base 12, what is -2 - -40675?
40673
In base 5, what is 10 + 10112124?
10112134
In base 10, what is 40 - -294?
334
In base 14, what is 2 - 99b?
-999
In base 14, what is 24 - -cd4?
d18
In base 8, what is 43 - -40056?
40121
In base 5, what is -13201200 - -10?
-13201140
In base 8, what is -2 - 61352?
-61354
In base 9, what is 732 + -12302?
-11460
In base 7, what is 535446 - 1?
535445
In base 5, what is 11 + 1144213?
1144224
In base 12, what is -38019 - 13?
-38030
In base 2, what is -11 + -11011000111100100010?
-11011000111100100101
In base 5, what is 10 - 141300?
-141240
In base 2, what is 11000111110 + -10010?
11000101100
In base 12, what is 95 - -297?
370
In base 14, what is 134ad + -3?
134aa
In base 8, what is 5 - -1546436?
1546443
In base 7, what is -2 - -535303?
535301
In base 12, what is 12b + -140a?
-129b
In base 7, what is 16 + 3041?
3060
In base 4, what is -1101332 - -1031?
-1100301
In base 4, what is 3030101 - 2211?
3021230
In base 11, what is 14 + 16442?
16456
In base 9, what is 524 + 280?
814
In base 15, what is 21a88 - 2?
21a86
In base 2, what is -100000111100 + -1011?
-100001000111
In base 15, what is -49969 + 0?
-49969
In base 4, what is 31310 + -31?
31213
In base 15, what is -4 + -dce?
-dd3
In base 6, what is -3 + -231352?
-231355
In base 13, what is 12bb5 + -6?
12bac
In base 10, what is 4579 - 1?
4578
In base 8, what is -553 + 15330?
14555
In base 13, what is -1 - -12c407?
12c406
In base 9, what is 270354 + -1?
270353
In base 14, what is -2 + 22dc?
22da
In base 2, what is -11000110011000011011001 + -101?
-11000110011000011011110
In base 7, what is -10213 + -16?
-10232
In base 13, what is 0 + a346?
a346
In base 6, what is -4401 - 203?
-5004
In base 15, what is 1ed - 2d?
1c0
In base 5, what is 100 + 1024?
1124
In base 8, what is -104607 - 14?
-104623
In base 12, what is 4a - 1179?
-112b
In base 4, what is -10000 - 213?
-10213
In base 16, what is -15 - 2c71?
-2c86
In base 3, what is -2121021 - -10122?
-2110122
In base 12, what is -5 + 34b9b?
34b96
In base 3, what is -201122112 - 102?
-201122221
In base 5, what is 12243 - 34?
12204
In base 9, what is -221524 - -1?
-221523
In base 13, what is -2869 - 1?
-286a
In base 16, what is 425 + 84f?
c74
In base 15, what is cb4 - 1c?
c97
In base 9, what is 3273088 + 5?
3273104
In base 12, what is -16b4 - 1a1?
-1895
In base 5, what is 1 + 44323402?
44323403
In base 3, what is 11 - -120202111?
120202122
In base 7, what is 25622625 - 0?
25622625
In base 9, what is 277 - -46?
334
In base 7, what is -6663603 + 2?
-6663601
In base 7, what is -5 - 443165?
-443203
In base 7, what is 530523 - 1?
530522
In base 15, what is 36c + -460?
-e3
In base 6, what is -5 + -453014?
-453023
In base 15, what is -55 + -92e?
-984
In base 2, what is -1110001111111001 + 10?
-1110001111110111
In base 12, what is -1793 + -40?
-1813
In base 12, what is -635 - 144?
-779
In base 9, what is -21710 + -2?
-21712
In base 12, what is 1 + 7784?
7785
In base 14, what is -3 + 70d?
70a
In base 5, what is -112231014 + 1?
-112231013
In base 6, what is -2025 - -204?
-1421
In base 15, what is -606 - -70e?
108
In base 7, what is -1102025 + -3?
-1102031
In base 15, what is 727 + 18?
740
In base 7, what is -220410 - -3?
-220404
In base 16, what is 9a56 - -9?
9a5f
In base 11, what is -6494 + -9?
-64a2
In base 3, what is -1102 - 110020211101?
-110020212210
In base 16, what is -6fa38 - -1?
-6fa37
In base 13, what is -26 + 3bc?
396
In base 5, what is 314 + -4410400?
-4410031
In base 4, what is -3 - 2002232?
-2002301
In base 11, what is 1930a90 - -5?
1930a95
In base 3, what is -100202222 - -210?
-100202012
In base 8, what is 5 - -3156?
3163
In base 6, what is 314322 - -2?
314324
In base 14, what is -78 + 637c?
6304
In base 4, what is -3 - -2131311?
2131302
In base 7, what is -3636 + 35?
-3601
In base 5, what is 4 - 223430?
-223421
In base 8, what is -66562 - 1?
-66563
In base 10, what is -1161 - -2078?
917
In base 16, what is c8b + -5c?
c2f
In base 15, what is 17 + 10885?
1089c
In base 13, what is -6656 - -7?
-664c
In base 11, what is -a63 - 18?
-a80
In base 5, what is 3020403 - -2?
3020410
In base 11, what is -8 + -13?
-20
In base 13, what is -2c37 - -14?
-2c23
In base 15, what is 2127d + 27?
212a5
In base 12, what is 27a + -34?
246
In base 5, what is 342121 - 32?
342034
In base 12, what is -5 - -1149b?
11496
In base 4, what is 13 + -12311200?
-12311121
In base 6, what is -205033 + -45?
-205122
In base 16, what is -c737e - -2?
-c737c
In base 9, what is -12173606 - 2?
-12173608
In base 13, what is -4c47 - 1?
-4c48
In base 15, what is 25 - -32d?
353
In base 4, what is 12211133 + 122?
12211321
In base 2, what is 10011011 + -101101101?
-11010010
In base 8, what is -2270 + 423?
-1645
In base 9, what is -1182 - -7?
-1174
In base 5, what is -14000110 - -2?
-14000103
In base 15, what is 5 - -4d6c1?
4d6c6
In base 12, what is -1 + -3028?
-3029
In base 8, what is 41374 + -6?
41366
In base 5, what is 2024103 + 1342?
2031000
In base 3, what is 0 + 121000122?
121000122
In base 16, what is -11b - 2d?
-148
In base 16, what is 17e8f + -4?
17e8b
In base 4, what is -200 - 23130?
-23330
In base 4, what is 2 + 323?
331
In base 2, what is 1110010010100000 - 110?
111001001